4363. What is the greatest common divisor of f and t?
11
Suppose 0 = -17*q + 130 + 23. What is the highest common divisor of q and 6219?
9
Let b(a) = -a - 13. Let u be b(-10). Let i = 5 + u. Let q be ((-90)/(-27))/(((-50)/(-12))/5). Calculate the greatest common factor of i and q.
2
Let r be (49 - (5 + -16))*1. Calculate the greatest common factor of r and 375.
15
Let i(m) = 683*m**2 - 219*m - 2. Let v be i(3). What is the greatest common divisor of 336 and v?
112
Let p = 3393 + -3050. What is the greatest common factor of 7 and p?
7
Let d be 6/15 - (-23)/5. Let o be 543/15 - 1/d. Suppose 536*y = 2203 + 28509 - 1768. What is the highest common divisor of y and o?
18
Suppose 3 = v, -5*z - v = -0*v - 4483. Suppose 10*u + n = 5*u + z, 4*n + 556 = 3*u. Suppose u = -7*g + 10*g. What is the highest common factor of 15 and g?
15
Suppose 10*z - 5*u - 705 = 9*z, 5*z - 3437 = 3*u. Calculate the greatest common factor of 35 and z.
5
Let l be ((-32)/(-12))/(6/9). What is the highest common divisor of l and 1084?
4
Let w(q) = -4*q**3 - 13*q**2 - 80*q - 11. Let a be w(-5). Calculate the greatest common divisor of 3 and a.
3
Let m(i) = -2*i - 26. Let y = 132 - 153. Let g be m(y). Calculate the highest common divisor of g and 4.
4
Let q(w) = w**3 + 12*w**2 + 36*w + 90. Let s be q(-7). What is the highest common divisor of s and 2?
1
Let t = -59023 - -59163. Suppose -l - 3*d = 2*d - 230, 4*d = -l + 233. Calculate the greatest common divisor of t and l.
35
Let i = -59 - -89. Let x = -918 - -838. Let k = i - x. What is the greatest common divisor of k and 11?
11
Suppose 21 = 4*o + 1, -3*m = -4*o - 220. Let r = 4537 + -4512. Calculate the highest common divisor of m and r.
5
Let y = 1086 + -738. Calculate the highest common divisor of y and 2988.
12
Let i be 3 + 1 + (72 + -3 - -4). Suppose 2*r = -5*r + i. What is the highest common divisor of 110 and r?
11
Let z be ((-1)/3)/(48/576). Let i be (-1 - z)/((-33)/(-3773)). What is the highest common factor of i and 7?
7
Let z(g) = g**3 - 2*g**2 - 195*g + 396. Let r be z(2). Calculate the highest common divisor of 786 and r.
6
Let v(n) = -5*n + 3. Let y be v(-6). Let b(a) = -28*a**3 + 2*a**2 - 1. Suppose -144 = -5*h - 154. Let u be b(h). Calculate the highest common factor of y and u.
33
Let h(c) = c**3 + 7*c**2 - c. Let f be h(-7). Let z be (2 + -1)/(37/(-10360)). Let v be (3 + 3)*z/(-30). Calculate the greatest common factor of v and f.
7
Let s(z) = -19*z. Suppose -9 = -149*t + 152*t. Let u be s(t). What is the highest common factor of 95 and u?
19
Suppose -2*s = -4*w + 1282, -3*w + 3*s = -1386 + 423. Let g be -2 + 155/70 + (-8)/((-3024)/3699). What is the highest common factor of w and g?
10
Suppose -3*a + 8*a - 2*p - 131 = 0, 0 = 3*a - p - 79. Suppose 1003 = 187*h - 210 - 470. What is the greatest common factor of a and h?
9
Suppose 3*d - 4*m - 340 = 0, 159*d = 160*d + 4*m - 140. Calculate the highest common factor of 300 and d.
60
Let n(g) = -69*g**2 - g. Let d be n(1). Let a = -42 - d. Let u be 14/(-3)*(-864)/a. What is the highest common factor of 16 and u?
16
Let v = 152 + -104. Suppose -6*c - 300 = -11*c. Calculate the highest common divisor of c and v.
12
Let h = 2363 + -2058. What is the highest common divisor of h and 2257?
61
Suppose 0*x + 2 = -n + x, -2*x = 3*n + 1. Let y be (-3 - 14)*9/n. Calculate the greatest common factor of 34 and y.
17
Let w = 6420 + -6412. Let s = -7 - -13. Let t(p) = p**3 - 3*p**2 - 2*p + 8. Let z be t(s). What is the highest common factor of w and z?
8
Suppose -m + 3 = -9. Suppose c - 4*c = -m. Let g(b) = b**2 - b. Let p be g(c). What is the highest common factor of p and 8?
4
Suppose -87 = -0*j - 5*j - 3*p, 5*j + 2*p - 83 = 0. Suppose j*l - 1286 - 109 = 0. What is the highest common divisor of 31 and l?
31
Suppose 5*n = i - 70, 0*n - 2*n - 28 = -i. Let j be 1448/28 - 4/n. Calculate the highest common factor of j and 78.
26
Let q = 37 + -25. Suppose 0 = 9*v + 23*v - 1184. Suppose l - 50 = -3*p + v, 82 = l - 2*p. Calculate the greatest common factor of q and l.
12
Let z = 19 + -10. Let k(o) = -o - 14. Suppose -5*s + 2*m - 91 = 0, -m = -4*s - 0*m - 71. Let g be k(s). Calculate the highest common divisor of g and z.
3
Suppose -2*u + 0*u = 3*l - 385, -578 = -3*u - 4*l. Let s be ((u + 4)/(-6))/((-3)/2). Suppose -7*b + 275 = -2*b. What is the highest common factor of s and b?
11
Suppose 0*k = k + 10. Let p be (-43)/215*55*-1. Let h be p/(1/(k/(-5))). Calculate the greatest common divisor of 198 and h.
22
Let i be (6 + -2)/(-1 - -2). Suppose 0 = -6*t + i*t + 238. Let a(c) = -7*c - 32. Let h be a(-7). Calculate the highest common divisor of t and h.
17
Let a = 47 + -45. Suppose -5*n + 2*x + a*x + 1900 = 0, -409 = -n - 5*x. Calculate the greatest common divisor of n and 12.
12
Let i = 1653 - 1247. Calculate the greatest common factor of 378 and i.
14
Let g = -4 + 1. Let a be 402/15 - g/15. Suppose 2*r - 87 = -51. What is the highest common factor of r and a?
9
Suppose -3*m = 765 - 819. Let o = -365 + 563. Calculate the highest common divisor of o and m.
18
Suppose 426 = 4*x - 5*i + 37, 470 = 5*x - 3*i. Calculate the highest common factor of x and 6461.
91
Suppose -9768*w = -9718*w - 1050. Calculate the highest common divisor of w and 84.
21
Let q(a) = 18*a**2 + 29*a + 120. Let v be q(-5). What is the greatest common factor of v and 25?
25
Let s(d) = -d**2 + 3*d + 74. Let z be s(11). Let u be ((-300)/(-175))/((-2)/z). Calculate the greatest common factor of u and 84.
12
Suppose d = -5*p + 59, p = 12*d - 8*d - 215. Let y = -1 + 5. Suppose -y*o - 3*x = -120, -4*x - 5 = o - 48. Calculate the highest common factor of o and d.
27
Let c(v) = 4901*v**2 + 36*v - 36. Let j be c(1). Calculate the greatest common divisor of 169 and j.
169
Let g(q) = -26 + 11*q - 3 + 4. Let y = -690 - -695. Let m be g(y). What is the greatest common divisor of 45 and m?
15
Suppose -52 = -2*z - 50. Let s be (12/10)/(z/5) + -2. Suppose s*a - a + 19 = 2*i, 2*a + 11 = i. Calculate the highest common divisor of i and 1.
1
Let q = -437 - -473. Calculate the greatest common divisor of q and 604.
4
Let q(l) = -3*l + 1. Let r be q(-2). Let y = -177 + 303. Suppose -r*o + o = -y. Calculate the greatest common divisor of 28 and o.
7
Let k = 121 - 122. Let i be k/2*(-68)/2. Calculate the greatest common divisor of i and 51.
17
Let w(m) = 3*m**2 - 34*m + 40. Let b be w(15). What is the greatest common divisor of b and 65?
5
Let q be (2 + -1)*49 - 1. Let j(u) = u**3 - 75*u**2 - 1046*u + 177. Let t be j(87). Calculate the greatest common factor of q and t.
3
Let k = -391 + 479. Let q = 9 + -6. Suppose 0 = r - 8 - q. Calculate the highest common divisor of r and k.
11
Let o(x) = 42*x**2 + 13*x + 30. Let a be o(-15). Suppose 5*v + 2240 = a. Suppose -10*b + v + 241 = 0. Calculate the highest common factor of b and 33.
33
Let d(p) = -43 + 39 + 8*p**2 + 5*p - p**2 + p**3 + 2*p. Let w be d(-5). Calculate the highest common divisor of 209 and w.
11
Let m = 15470 - 15056. Let r(v) = -v**3 - 3*v**2 + v + 1. Let t be r(-5). Calculate the greatest common factor of m and t.
46
Let u be (-137020)/(-18) + 56/(-8) + (-4)/18. Calculate the greatest common factor of 45 and u.
45
Let m(y) = -54*y - 228. Let v be m(-6). Suppose 5*z - 84 = -i + z, -i + 5*z = -57. What is the highest common divisor of i and v?
24
Let c = 4806 + -3364. Calculate the greatest common factor of 210 and c.
14
Let t = -9099 + 9225. What is the highest common divisor of 14 and t?
14
Let i(m) = -m**3 + 20*m**2 + 264*m - 5. Let u be i(29). What is the highest common factor of 3813 and u?
41
Let c(u) = u**2 + 2*u + 16. Let i be (-2 - (-2 - (-33)/(-9)))*-3. Let q be c(i). What is the highest common factor of q and 23?
23
Let t be -14 + (140/(-14) - -86). What is the greatest common divisor of t and 18?
2
Suppose 15 = -3*u, -a - u + 5 = a. Suppose -c - 2*w = 12 + 2, 3*c = -a*w - 39. Let q be -6 + (-62)/c + 6/(-8). Calculate the greatest common factor of q and 5.
1
Let n(w) = -10*w - 6. Let s be n(-5). Suppose 130*q - s = 129*q. Calculate the highest common divisor of q and 22.
22
Suppose v + 6 = 5*f - 3*v, -2*v = -f. What is the highest common divisor of f and 163?
1
Suppose 245 = 7*o - 63. Let u = 62 + -44. Suppose -3*l = -15 - u. Calculate the highest common divisor of o and 